{"id":1713,"date":"2021-10-21T16:27:05","date_gmt":"2021-10-21T14:27:05","guid":{"rendered":"https:\/\/ssvalais.ch\/verein\/liste-des-presidents\/"},"modified":"2023-11-27T15:00:45","modified_gmt":"2023-11-27T14:00:45","slug":"liste-aller-praesidenten","status":"publish","type":"page","link":"https:\/\/ssvalais.ch\/de\/verein\/liste-aller-praesidenten\/","title":{"rendered":"Liste aller Pr\u00e4sidenten"},"content":{"rendered":"<div class=\"wpb-content-wrapper\"><p>[vc_row][vc_column][vc_custom_heading text=&#8220;Liste aller Pr\u00e4sidenten&#8220; font_container=&#8220;tag:h1|font_size:50px|text_align:center|color:%23000000|line_height:1.2&#8243; use_theme_fonts=&#8220;yes&#8220; el_class=&#8220;rst-heading-title ssv-h1-presidents&#8220; css=&#8220;.vc_custom_1642584947820{margin-top: 0px !important;margin-bottom: 45px !important;}&#8220;][\/vc_column][\/vc_row][vc_row][vc_column][vc_column_text el_class=&#8220;text-center&#8220;]<strong>Die Pr\u00e4sidenten unserer Gesellschaft von 1939 bis heute<\/strong><\/p>\n<p><strong>Soci\u00e9t\u00e9 des Sourds Valaisans (1939-1970)<\/strong><br \/>\nEsther GIROUD (verstorben)<br \/>\nEmile CONSTANTIN (verstorben)<br \/>\nCo-pr\u00e9sident mit seiner Frau Esther GIROUD (verstorben)<br \/>\nJohn MARET (verstorben)<br \/>\nArthur CRETTON (verstorben)<br \/>\nRen\u00e9 BURKET (verstorben)<br \/>\nJean-Louis PANCHARD (verstorben)<br \/>\nCharles FOURNIER (verstorben)<br \/>\nDanielle REVAZ (verstorben)<\/p>\n<p><strong>Fl\u00e8che Sportive des Sourds du Valais (1954-1970)<\/strong><br \/>\nJoseph DEVANTHERY (verstorben)<br \/>\nAndr\u00e9 HERITIER (verstorben)<br \/>\nRaymond BOURBAN (verstorben)<\/p>\n<p><strong>Association Sportive des Sourds du Valais (1970-1979)<\/strong><br \/>\nRaymond BOURBAN (verstorben)<\/p>\n<p><strong>Soci\u00e9t\u00e9 des Sourds du Valais (1979-2019)<\/strong><br \/>\nMarie-Louise FOURNIER (verstorben)<br \/>\nPierre-Alain DUC<br \/>\nPascal LAMBIEL<br \/>\nMartin KARLEN<br \/>\nSt\u00e9phanie AYMON<br \/>\nLaetitia ROSSINI<br \/>\nChristine DUC[\/vc_column_text][\/vc_column][\/vc_row][vc_row][vc_column][vc_empty_space height=&#8220;70px&#8220;][\/vc_column][\/vc_row]<\/p>\n<\/div>","protected":false},"excerpt":{"rendered":"<p>[vc_row][vc_column][vc_custom_heading text=&#8220;Liste aller Pr\u00e4sidenten&#8220; font_container=&#8220;tag:h1|font_size:50px|text_align:center|color:%23000000|line_height:1.2&#8243; use_theme_fonts=&#8220;yes&#8220; el_class=&#8220;rst-heading-title ssv-h1-presidents&#8220; css=&#8220;.vc_custom_1642584947820{margin-top: 0px !important;margin-bottom: 45px !important;}&#8220;][\/vc_column][\/vc_row][vc_row][vc_column][vc_column_text el_class=&#8220;text-center&#8220;]Die Pr\u00e4sidenten unserer Gesellschaft von 1939 bis heute Soci\u00e9t\u00e9 des Sourds Valaisans (1939-1970) Esther GIROUD (verstorben) Emile CONSTANTIN (verstorben) Co-pr\u00e9sident mit seiner Frau Esther GIROUD (verstorben) John MARET (verstorben) Arthur CRETTON (verstorben) Ren\u00e9 BURKET (verstorben) Jean-Louis PANCHARD (verstorben) Charles FOURNIER (verstorben) Danielle [&hellip;]<\/p>\n","protected":false},"author":2,"featured_media":0,"parent":1702,"menu_order":0,"comment_status":"closed","ping_status":"closed","template":"","meta":{"_acf_changed":false,"inline_featured_image":false,"footnotes":""},"class_list":["post-1713","page","type-page","status-publish","hentry"],"acf":[],"_links":{"self":[{"href":"https:\/\/ssvalais.ch\/de\/wp-json\/wp\/v2\/pages\/1713","targetHints":{"allow":["GET"]}}],"collection":[{"href":"https:\/\/ssvalais.ch\/de\/wp-json\/wp\/v2\/pages"}],"about":[{"href":"https:\/\/ssvalais.ch\/de\/wp-json\/wp\/v2\/types\/page"}],"author":[{"embeddable":true,"href":"https:\/\/ssvalais.ch\/de\/wp-json\/wp\/v2\/users\/2"}],"replies":[{"embeddable":true,"href":"https:\/\/ssvalais.ch\/de\/wp-json\/wp\/v2\/comments?post=1713"}],"version-history":[{"count":4,"href":"https:\/\/ssvalais.ch\/de\/wp-json\/wp\/v2\/pages\/1713\/revisions"}],"predecessor-version":[{"id":4518,"href":"https:\/\/ssvalais.ch\/de\/wp-json\/wp\/v2\/pages\/1713\/revisions\/4518"}],"up":[{"embeddable":true,"href":"https:\/\/ssvalais.ch\/de\/wp-json\/wp\/v2\/pages\/1702"}],"wp:attachment":[{"href":"https:\/\/ssvalais.ch\/de\/wp-json\/wp\/v2\/media?parent=1713"}],"curies":[{"name":"wp","href":"https:\/\/api.w.org\/{rel}","templated":true}]}}

Liste aller Präsidenten

<div class="wpb-content-wrapper"><p>[vc_row][vc_column][vc_custom_heading text=&#8220;Liste aller Präsidenten&#8220; font_container=&#8220;tag:h1|font_size:50px|text_align:center|color:%23000000|line_height:1.2&#8243; use_theme_fonts=&#8220;yes&#8220; el_class=&#8220;rst-heading-title ssv-h1-presidents&#8220; css=&#8220;.vc_custom_1642584947820{margin-top: 0px !important;margin-bottom: 45px !important;}&#8220;][/vc_column][/vc_row][vc_row][vc_column][vc_column_text el_class=&#8220;text-center&#8220;]<strong>Die Präsidenten unserer Gesellschaft von 1939 bis heute</strong></p>
<p><strong>Société des Sourds Valaisans (1939-1970)</strong><br />
Esther GIROUD (verstorben)<br />
Emile CONSTANTIN (verstorben)<br />
Co-président mit seiner Frau Esther GIROUD (verstorben)<br />
John MARET (verstorben)<br />
Arthur CRETTON (verstorben)<br />
René BURKET (verstorben)<br />
Jean-Louis PANCHARD (verstorben)<br />
Charles FOURNIER (verstorben)<br />
Danielle REVAZ (verstorben)</p>
<p><strong>Flèche Sportive des Sourds du Valais (1954-1970)</strong><br />
Joseph DEVANTHERY (verstorben)<br />
André HERITIER (verstorben)<br />
Raymond BOURBAN (verstorben)</p>
<p><strong>Association Sportive des Sourds du Valais (1970-1979)</strong><br />
Raymond BOURBAN (verstorben)</p>
<p><strong>Société des Sourds du Valais (1979-2019)</strong><br />
Marie-Louise FOURNIER (verstorben)<br />
Pierre-Alain DUC<br />
Pascal LAMBIEL<br />
Martin KARLEN<br />
Stéphanie AYMON<br />
Laetitia ROSSINI<br />
Christine DUC[/vc_column_text][/vc_column][/vc_row][vc_row][vc_column][vc_empty_space height=&#8220;70px&#8220;][/vc_column][/vc_row]</p>
</div>

<p>[vc_row][vc_column][vc_custom_heading text=&#8220;Liste aller Präsidenten&#8220; font_container=&#8220;tag:h1|font_size:50px|text_align:center|color:%23000000|line_height:1.2&#8243; use_theme_fonts=&#8220;yes&#8220; el_class=&#8220;rst-heading-title ssv-h1-presidents&#8220; css=&#8220;.vc_custom_1642584947820{margin-top: 0px !important;margin-bottom: 45px !important;}&#8220;][/vc_column][/vc_row][vc_row][vc_column][vc_column_text el_class=&#8220;text-center&#8220;]Die Präsidenten unserer Gesellschaft von 1939 bis heute Société des Sourds Valaisans (1939-1970) Esther GIROUD (verstorben) Emile CONSTANTIN (verstorben) Co-président mit seiner Frau Esther GIROUD (verstorben) John MARET (verstorben) Arthur CRETTON (verstorben) René BURKET (verstorben) Jean-Louis PANCHARD (verstorben) Charles FOURNIER (verstorben) Danielle [&hellip;]</p>
