{"id":1664,"date":"2021-10-12T10:06:12","date_gmt":"2021-10-12T10:06:12","guid":{"rendered":"https:\/\/ssvalais.ch\/histoire\/"},"modified":"2023-11-27T14:59:27","modified_gmt":"2023-11-27T13:59:27","slug":"geschichte-des-gsw","status":"publish","type":"page","link":"https:\/\/ssvalais.ch\/de\/verein\/geschichte-des-gsw\/","title":{"rendered":"Geschichte des GSW"},"content":{"rendered":"<div class=\"wpb-content-wrapper\"><p>[vc_row][vc_column][vc_custom_heading text=&#8220;Geschichte des GSW&#8220; font_container=&#8220;tag:h2|font_size:50px|text_align:center|color:%23000000|line_height:1.2&#8243; use_theme_fonts=&#8220;yes&#8220; el_class=&#8220;rst-heading-title&#8220; css=&#8220;.vc_custom_1642577719814{margin-top: 0px !important;margin-bottom: 45px !important;}&#8220;][\/vc_column][\/vc_row][vc_row full_width=&#8220;stretch_row_content_no_spaces&#8220; el_id=&#8220;menu&#8220; css=&#8220;.vc_custom_1640168850202{background-color: #f2f2f2 !important;}&#8220;][vc_column css=&#8220;.vc_custom_1640168883470{padding-top: 35px !important;padding-bottom: 35px !important;}&#8220; el_class=&#8220;rst-custom-bg-menu&#8220;][vc_column_text el_class=&#8220;rst-menu-child&#8220;]<\/p>\n<ul>\n<li><strong><a href=\"\/de\/verein\/geschichte-des-gsw\/zeitachse\/\">2. Zeitachse<\/a><\/strong><\/li>\n<li><strong><a href=\"\/de\/verein\/geschichte-des-gsw\/die-gehoerlosen-und-das-vereinsleben\/\">3. Die Geh\u00f6rlosen und das Vereinsleben<\/a><\/strong><\/li>\n<li><strong><a href=\"\/de\/verein\/geschichte-des-gsw\/die-gehoerlosen-und-die-schule\/\">4. Die Geh\u00f6rlosen und die Schule<\/a><\/strong><\/li>\n<li><strong><a href=\"\/de\/verein\/geschichte-des-gsw\/die-gehoerlosen-und-das-sozioprofessionelle-leben\/\">5. Die Geh\u00f6rlosen und das sozioprofessionelle Leben<\/a><\/strong><\/li>\n<li><strong><a href=\"\/de\/verein\/geschichte-des-gsw\/die-gehoerlosen-und-der-sport\/\">6. Die Geh\u00f6rlosen und der Sport<\/a><\/strong><\/li>\n<li><strong><a href=\"\/de\/verein\/geschichte-des-gsw\/die-gehoerlosen-und-die-religion\/\">7. Die Geh\u00f6rlosen und die Religion<\/a><\/strong><\/li>\n<\/ul>\n<p>[\/vc_column_text][\/vc_column][\/vc_row][vc_row full_width=&#8220;stretch_row_content_no_spaces&#8220; css=&#8220;.vc_custom_1634095062517{margin-top: 50px !important;margin-bottom: 0px !important;padding-top: 20px !important;padding-bottom: 20px !important;background-color: #ff0000 !important;}&#8220; el_class=&#8220;rst-box-note&#8220;][vc_column css=&#8220;.vc_custom_1634032460801{padding-top: 0px !important;padding-right: 15px !important;padding-bottom: 0px !important;padding-left: 15px !important;}&#8220;][vc_custom_heading text=&#8220;1. Worwot&#8220; font_container=&#8220;tag:h3|font_size:50px|text_align:center|color:%23ffffff|line_height:1.2em&#8220; use_theme_fonts=&#8220;yes&#8220; el_class=&#8220;rst-heading&#8220; css=&#8220;.vc_custom_1642589054923{margin-top: 0px !important;margin-bottom: 0px !important;padding-top: 0px !important;padding-bottom: 0px !important;}&#8220;][\/vc_column][\/vc_row][vc_row el_class=&#8220;max-width-940&#8243; css=&#8220;.vc_custom_1634034438419{padding-top: 15px !important;padding-bottom: 70px !important;}&#8220;][vc_column][vc_column_text el_class=&#8220;rst-custom-text&#8220; css=&#8220;.vc_custom_1642589198488{margin-bottom: 50px !important;}&#8220;]Herzlich willkommen auf unserer Internet Seite !<\/p>\n<p>Hier finden Sie Informationen \u00fcber die Geschichte der Geh\u00f6rlosen im Wallis.<\/p>\n<p>Die Daten erscheinen nach und nach, gem\u00e4ss Fortschritten in der Forschung.<\/p>\n<p>Nehmen Sie sich Zeit und Musse um etwas zu surfen und unsere neue Seite zu beurteilen. Wir w\u00fcnschen Ihnen eine gute Lekt\u00fcre !<\/p>\n<p><img loading=\"lazy\" decoding=\"async\" class=\"wp-image-1586 size-full aligncenter\" src=\"https:\/\/ssvalais.ch\/wp-content\/uploads\/2022\/01\/Screenshot_11-249x300-1-e1641403122612.png\" alt=\"\" width=\"170\" height=\"205\" \/>[\/vc_column_text][vc_column_text el_class=&#8220;rst-custom-text2&#8243;]<strong>Die Geschichte der Geh\u00f6rlosen im Wallis zu Ehren des 75 Jahr Jubil\u00e4ums des Geh\u00f6rlosenvereins Wallis<\/strong><\/p>\n<p>1989, anl\u00e4sslich des grossartigen 50 Jahr Jubil\u00e4ums des Geh\u00f6rlosenvereins Wallis, erz\u00e4hlten eine Ausstellung und ein Buch \u201eDas Leben von Geh\u00f6rlosen im Laufe der Zeit\u201c, reich illustriert, mit sch\u00f6nen Fotos, die Geschichte der Geh\u00f6rlosen im Wallis in verschiedenen Lebensbereichen : Schule, Ausbildung, Religion, soziokulturellen und sportlichen Aktivit\u00e4ten, dem Alltag und nicht zu vergessen \u00fcber die Eltern geh\u00f6rloser und schwerh\u00f6riger Kinder seit Beginn des 20. Jahrhunderts.<\/p>\n<p>25 Jahre sp\u00e4ter, wir haben das 21. Jahrhundert begonnen, bewirken Technologie, Informatik aber auch die \u00d6ffnung der Gesellschaft gegen\u00fcber behinderten Personen \u2013 wie die Unterzeichnung der UNO-Konvention \u00fcber die Rechte von behinderten Menschen beweist \u2013 eine stetig zunehmende Verbesserung der sozialen Integration von geh\u00f6rlosen oder schwerh\u00f6rigen Menschen. Dar\u00fcber freuen wir uns sehr.<\/p>\n<p>Aber was wissen wir wirklich \u00fcber die Geschichte und die Kultur der Geh\u00f6rlosen, vor allem in unserem Kanton Wallis ? Die Geh\u00f6rlosigkeit ist unsichtbar und deshalb hat die Gesellschaft die Tendenz, sie zu \u00fcbersehen. Zudem wirkt sich diese auf die Kommunikation aus und es geschieht immer noch oft, dass die H\u00f6renden sich nicht trauen, ein Gespr\u00e4ch mit jenen zu beginnen, die nicht h\u00f6ren oder schlecht h\u00f6ren. Ja, die Geh\u00f6rlosigkeit und die Geh\u00f6rlosen bleiben wenig bekannt !<\/p>\n<p>Dies ist der Grund weshalb wir auch weiterhin unsere Welt noch bekannter machen wollen. Nicht nur die letzten 25 Jahre, sondern die Geschichte der Geh\u00f6rlosen seit Ende des 19. Jahrhunderts oder sogar noch weiter zur\u00fcck soll mit genaueren Studien vertieft werden.<\/p>\n<p>Anl\u00e4sslich des 75 Jahr Jubil\u00e4ums freuen wir uns, eine neue Internet Seite einzuweihen, welche die Geschichte und Kultur der Geh\u00f6rlosen unseres Kantons erz\u00e4hlt \u2013 und dies in zwei Sprachen. Das bedeutet viel Forschungsarbeit, viele Investitionen und einen grossen Einsatz, aber es handelt sich auch um ein spannendes Abenteuer f\u00fcr unsere Arbeitsgruppe, die auf die Unterst\u00fctzung der Mitglieder des Geh\u00f6rlosenvereins Wallis z\u00e4hlen kann.<\/p>\n<p>Deshalb werden Zusammenfassungen \u00fcber die Fortschritte unserer Forschung und Entdeckungen in unseren Archiven von der Historikerin Marilyne Rothen verfasst und nach und nach auf unserer Internet Seite publiziert, sobald diese aufgeschaltet ist.<\/p>\n<p>Ich danke den Mitgliedern der Arbeitsgruppe ganz herzlich : Marie-Louise, St\u00e9phane, Marc-Andr\u00e9, Marlyse, Emmanuelle, Rolande und Marilyne f\u00fcr ihre Verf\u00fcgbarkeit und Zeit, die sie f\u00fcr die Suche nach Artikeln in Zeitschriften und Archiven der Geh\u00f6rlosen aufwenden. Ich danke auch dem Organisationskomitee des Jubil\u00e4ums, welches unter dem Pr\u00e4sidium von Pascal Lambiel die Suche nach finanziellen Mitteln unterst\u00fctzt hat, ohne die wir diese spannende Arbeit nicht machen k\u00f6nnten.<\/p>\n<p>Auf ein wundersch\u00f6nes Fest\u2026<\/p>\n<p>F\u00fcr die Arbeitsgruppe<br \/>\n\u201eGeschichte der Geh\u00f6rlosen im Wallis\u201c<br \/>\nSt\u00e9phane Faustinelli[\/vc_column_text][\/vc_column][\/vc_row][vc_row css=&#8220;.vc_custom_1634954032193{padding-bottom: 70px !important;}&#8220; el_class=&#8220;back-wrapp&#8220;][vc_column][vc_btn title=&#8220;Zur\u00fcck zum Anfang der Seite&#8220; style=&#8220;classic&#8220; shape=&#8220;square&#8220; link=&#8220;url:%23menu&#8220; el_class=&#8220;rst-back-top&#8220;][\/vc_column][\/vc_row]<\/p>\n<\/div>","protected":false},"excerpt":{"rendered":"<p>[vc_row][vc_column][vc_custom_heading text=&#8220;Geschichte des GSW&#8220; font_container=&#8220;tag:h2|font_size:50px|text_align:center|color:%23000000|line_height:1.2&#8243; use_theme_fonts=&#8220;yes&#8220; el_class=&#8220;rst-heading-title&#8220; css=&#8220;.vc_custom_1642577719814{margin-top: 0px !important;margin-bottom: 45px !important;}&#8220;][\/vc_column][\/vc_row][vc_row full_width=&#8220;stretch_row_content_no_spaces&#8220; el_id=&#8220;menu&#8220; css=&#8220;.vc_custom_1640168850202{background-color: #f2f2f2 !important;}&#8220;][vc_column css=&#8220;.vc_custom_1640168883470{padding-top: 35px !important;padding-bottom: 35px !important;}&#8220; el_class=&#8220;rst-custom-bg-menu&#8220;][vc_column_text el_class=&#8220;rst-menu-child&#8220;] 2. Zeitachse 3. Die Geh\u00f6rlosen und das Vereinsleben 4. Die Geh\u00f6rlosen und die Schule 5. Die Geh\u00f6rlosen und das sozioprofessionelle Leben 6. Die Geh\u00f6rlosen und der Sport 7. Die Geh\u00f6rlosen und [&hellip;]<\/p>\n","protected":false},"author":2,"featured_media":0,"parent":1702,"menu_order":0,"comment_status":"closed","ping_status":"closed","template":"","meta":{"_acf_changed":false,"inline_featured_image":false,"footnotes":""},"class_list":["post-1664","page","type-page","status-publish","hentry"],"acf":[],"_links":{"self":[{"href":"https:\/\/ssvalais.ch\/de\/wp-json\/wp\/v2\/pages\/1664","targetHints":{"allow":["GET"]}}],"collection":[{"href":"https:\/\/ssvalais.ch\/de\/wp-json\/wp\/v2\/pages"}],"about":[{"href":"https:\/\/ssvalais.ch\/de\/wp-json\/wp\/v2\/types\/page"}],"author":[{"embeddable":true,"href":"https:\/\/ssvalais.ch\/de\/wp-json\/wp\/v2\/users\/2"}],"replies":[{"embeddable":true,"href":"https:\/\/ssvalais.ch\/de\/wp-json\/wp\/v2\/comments?post=1664"}],"version-history":[{"count":8,"href":"https:\/\/ssvalais.ch\/de\/wp-json\/wp\/v2\/pages\/1664\/revisions"}],"predecessor-version":[{"id":4517,"href":"https:\/\/ssvalais.ch\/de\/wp-json\/wp\/v2\/pages\/1664\/revisions\/4517"}],"up":[{"embeddable":true,"href":"https:\/\/ssvalais.ch\/de\/wp-json\/wp\/v2\/pages\/1702"}],"wp:attachment":[{"href":"https:\/\/ssvalais.ch\/de\/wp-json\/wp\/v2\/media?parent=1664"}],"curies":[{"name":"wp","href":"https:\/\/api.w.org\/{rel}","templated":true}]}}

<div class="wpb-content-wrapper"><p>[vc_row][vc_column][vc_custom_heading text=&#8220;Geschichte des GSW&#8220; font_container=&#8220;tag:h2|font_size:50px|text_align:center|color:%23000000|line_height:1.2&#8243; use_theme_fonts=&#8220;yes&#8220; el_class=&#8220;rst-heading-title&#8220; css=&#8220;.vc_custom_1642577719814{margin-top: 0px !important;margin-bottom: 45px !important;}&#8220;][/vc_column][/vc_row][vc_row full_width=&#8220;stretch_row_content_no_spaces&#8220; el_id=&#8220;menu&#8220; css=&#8220;.vc_custom_1640168850202{background-color: #f2f2f2 !important;}&#8220;][vc_column css=&#8220;.vc_custom_1640168883470{padding-top: 35px !important;padding-bottom: 35px !important;}&#8220; el_class=&#8220;rst-custom-bg-menu&#8220;][vc_column_text el_class=&#8220;rst-menu-child&#8220;]</p>
<ul>
<li><strong><a href="/de/verein/geschichte-des-gsw/zeitachse/">2. Zeitachse</a></strong></li>
<li><strong><a href="/de/verein/geschichte-des-gsw/die-gehoerlosen-und-das-vereinsleben/">3. Die Gehörlosen und das Vereinsleben</a></strong></li>
<li><strong><a href="/de/verein/geschichte-des-gsw/die-gehoerlosen-und-die-schule/">4. Die Gehörlosen und die Schule</a></strong></li>
<li><strong><a href="/de/verein/geschichte-des-gsw/die-gehoerlosen-und-das-sozioprofessionelle-leben/">5. Die Gehörlosen und das sozioprofessionelle Leben</a></strong></li>
<li><strong><a href="/de/verein/geschichte-des-gsw/die-gehoerlosen-und-der-sport/">6. Die Gehörlosen und der Sport</a></strong></li>
<li><strong><a href="/de/verein/geschichte-des-gsw/die-gehoerlosen-und-die-religion/">7. Die Gehörlosen und die Religion</a></strong></li>
</ul>
<p>[/vc_column_text][/vc_column][/vc_row][vc_row full_width=&#8220;stretch_row_content_no_spaces&#8220; css=&#8220;.vc_custom_1634095062517{margin-top: 50px !important;margin-bottom: 0px !important;padding-top: 20px !important;padding-bottom: 20px !important;background-color: #ff0000 !important;}&#8220; el_class=&#8220;rst-box-note&#8220;][vc_column css=&#8220;.vc_custom_1634032460801{padding-top: 0px !important;padding-right: 15px !important;padding-bottom: 0px !important;padding-left: 15px !important;}&#8220;][vc_custom_heading text=&#8220;1. Worwot&#8220; font_container=&#8220;tag:h3|font_size:50px|text_align:center|color:%23ffffff|line_height:1.2em&#8220; use_theme_fonts=&#8220;yes&#8220; el_class=&#8220;rst-heading&#8220; css=&#8220;.vc_custom_1642589054923{margin-top: 0px !important;margin-bottom: 0px !important;padding-top: 0px !important;padding-bottom: 0px !important;}&#8220;][/vc_column][/vc_row][vc_row el_class=&#8220;max-width-940&#8243; css=&#8220;.vc_custom_1634034438419{padding-top: 15px !important;padding-bottom: 70px !important;}&#8220;][vc_column][vc_column_text el_class=&#8220;rst-custom-text&#8220; css=&#8220;.vc_custom_1642589198488{margin-bottom: 50px !important;}&#8220;]Herzlich willkommen auf unserer Internet Seite !</p>
<p>Hier finden Sie Informationen über die Geschichte der Gehörlosen im Wallis.</p>
<p>Die Daten erscheinen nach und nach, gemäss Fortschritten in der Forschung.</p>
<p>Nehmen Sie sich Zeit und Musse um etwas zu surfen und unsere neue Seite zu beurteilen. Wir wünschen Ihnen eine gute Lektüre !</p>
<p><img loading="lazy" decoding="async" class="wp-image-1586 size-full aligncenter" src="https://ssvalais.ch/wp-content/uploads/2022/01/Screenshot_11-249x300-1-e1641403122612.png" alt="" width="170" height="205" />[/vc_column_text][vc_column_text el_class=&#8220;rst-custom-text2&#8243;]<strong>Die Geschichte der Gehörlosen im Wallis zu Ehren des 75 Jahr Jubiläums des Gehörlosenvereins Wallis</strong></p>
<p>1989, anlässlich des grossartigen 50 Jahr Jubiläums des Gehörlosenvereins Wallis, erzählten eine Ausstellung und ein Buch „Das Leben von Gehörlosen im Laufe der Zeit“, reich illustriert, mit schönen Fotos, die Geschichte der Gehörlosen im Wallis in verschiedenen Lebensbereichen : Schule, Ausbildung, Religion, soziokulturellen und sportlichen Aktivitäten, dem Alltag und nicht zu vergessen über die Eltern gehörloser und schwerhöriger Kinder seit Beginn des 20. Jahrhunderts.</p>
<p>25 Jahre später, wir haben das 21. Jahrhundert begonnen, bewirken Technologie, Informatik aber auch die Öffnung der Gesellschaft gegenüber behinderten Personen – wie die Unterzeichnung der UNO-Konvention über die Rechte von behinderten Menschen beweist – eine stetig zunehmende Verbesserung der sozialen Integration von gehörlosen oder schwerhörigen Menschen. Darüber freuen wir uns sehr.</p>
<p>Aber was wissen wir wirklich über die Geschichte und die Kultur der Gehörlosen, vor allem in unserem Kanton Wallis ? Die Gehörlosigkeit ist unsichtbar und deshalb hat die Gesellschaft die Tendenz, sie zu übersehen. Zudem wirkt sich diese auf die Kommunikation aus und es geschieht immer noch oft, dass die Hörenden sich nicht trauen, ein Gespräch mit jenen zu beginnen, die nicht hören oder schlecht hören. Ja, die Gehörlosigkeit und die Gehörlosen bleiben wenig bekannt !</p>
<p>Dies ist der Grund weshalb wir auch weiterhin unsere Welt noch bekannter machen wollen. Nicht nur die letzten 25 Jahre, sondern die Geschichte der Gehörlosen seit Ende des 19. Jahrhunderts oder sogar noch weiter zurück soll mit genaueren Studien vertieft werden.</p>
<p>Anlässlich des 75 Jahr Jubiläums freuen wir uns, eine neue Internet Seite einzuweihen, welche die Geschichte und Kultur der Gehörlosen unseres Kantons erzählt – und dies in zwei Sprachen. Das bedeutet viel Forschungsarbeit, viele Investitionen und einen grossen Einsatz, aber es handelt sich auch um ein spannendes Abenteuer für unsere Arbeitsgruppe, die auf die Unterstützung der Mitglieder des Gehörlosenvereins Wallis zählen kann.</p>
<p>Deshalb werden Zusammenfassungen über die Fortschritte unserer Forschung und Entdeckungen in unseren Archiven von der Historikerin Marilyne Rothen verfasst und nach und nach auf unserer Internet Seite publiziert, sobald diese aufgeschaltet ist.</p>
<p>Ich danke den Mitgliedern der Arbeitsgruppe ganz herzlich : Marie-Louise, Stéphane, Marc-André, Marlyse, Emmanuelle, Rolande und Marilyne für ihre Verfügbarkeit und Zeit, die sie für die Suche nach Artikeln in Zeitschriften und Archiven der Gehörlosen aufwenden. Ich danke auch dem Organisationskomitee des Jubiläums, welches unter dem Präsidium von Pascal Lambiel die Suche nach finanziellen Mitteln unterstützt hat, ohne die wir diese spannende Arbeit nicht machen könnten.</p>
<p>Auf ein wunderschönes Fest…</p>
<p>Für die Arbeitsgruppe<br />
„Geschichte der Gehörlosen im Wallis“<br />
Stéphane Faustinelli[/vc_column_text][/vc_column][/vc_row][vc_row css=&#8220;.vc_custom_1634954032193{padding-bottom: 70px !important;}&#8220; el_class=&#8220;back-wrapp&#8220;][vc_column][vc_btn title=&#8220;Zurück zum Anfang der Seite&#8220; style=&#8220;classic&#8220; shape=&#8220;square&#8220; link=&#8220;url:%23menu&#8220; el_class=&#8220;rst-back-top&#8220;][/vc_column][/vc_row]</p>
</div>

<p>[vc_row][vc_column][vc_custom_heading text=&#8220;Geschichte des GSW&#8220; font_container=&#8220;tag:h2|font_size:50px|text_align:center|color:%23000000|line_height:1.2&#8243; use_theme_fonts=&#8220;yes&#8220; el_class=&#8220;rst-heading-title&#8220; css=&#8220;.vc_custom_1642577719814{margin-top: 0px !important;margin-bottom: 45px !important;}&#8220;][/vc_column][/vc_row][vc_row full_width=&#8220;stretch_row_content_no_spaces&#8220; el_id=&#8220;menu&#8220; css=&#8220;.vc_custom_1640168850202{background-color: #f2f2f2 !important;}&#8220;][vc_column css=&#8220;.vc_custom_1640168883470{padding-top: 35px !important;padding-bottom: 35px !important;}&#8220; el_class=&#8220;rst-custom-bg-menu&#8220;][vc_column_text el_class=&#8220;rst-menu-child&#8220;] 2. Zeitachse 3. Die Gehörlosen und das Vereinsleben 4. Die Gehörlosen und die Schule 5. Die Gehörlosen und das sozioprofessionelle Leben 6. Die Gehörlosen und der Sport 7. Die Gehörlosen und [&hellip;]</p>
